 divided by 4.
3
Calculate the remainder when 9417 is divided by 30.
27
Calculate the remainder when 158 is divided by 61.
36
Calculate the remainder when 9032 is divided by 1806.
2
Calculate the remainder when 158 is divided by 50.
8
Calculate the remainder when 638 is divided by 307.
24
What is the remainder when 903 is divided by 183?
171
What is the remainder when 36 is divided by 15?
6
What is the remainder when 1041 is divided by 117?
105
What is the remainder when 37 is divided by 21?
16
Calculate the remainder when 49 is divided by 14.
7
What is the remainder when 11018 is divided by 10?
8
Calculate the remainder when 669 is divided by 227.
215
Calculate the remainder when 262 is divided by 33.
31
What is the remainder when 145 is divided by 24?
1
Calculate the remainder when 2963 is divided by 94.
49
Calculate the remainder when 155 is divided by 82.
73
Calculate the remainder when 26 is divided by 8.
2
What is the remainder when 2013 is divided by 54?
15
What is the remainder when 408 is divided by 2?
0
What is the remainder when 257 is divided by 51?
2
What is the remainder when 233 is divided by 49?
37
What is the remainder when 30 is divided by 5?
0
What is the remainder when 296 is divided by 60?
56
Calculate the remainder when 27 is divided by 5.
2
What is the remainder when 492 is divided by 98?
2
What is the remainder when 71612 is divided by 61?
59
What is the remainder when 3729 is divided by 12?
9
Calculate the remainder when 1303 is divided by 10.
3
Calculate the remainder when 703 is divided by 177.
172
Calculate the remainder when 3852 is divided by 42.
30
What is the remainder when 193 is divided by 22?
17
What is the remainder when 96 is divided by 64?
32
Calculate the remainder when 161 is divided by 52.
5
Calculate the remainder when 176 is divided by 60.
56
What is the remainder when 612 is divided by 201?
9
Calculate the remainder when 311 is divided by 52.
51
Calculate the remainder when 1015 is divided by 24.
7
Calculate the remainder when 467 is divided by 13.
12
What is the remainder when 1199 is divided by 98?
23
Calculate the remainder when 581 is divided by 53.
51
Calculate the remainder when 923 is divided by 18.
5
Calculate the remainder when 114 is divided by 63.
51
Calculate the remainder when 528 is divided by 31.
1
Calculate the remainder when 66 is divided by 40.
26
Calculate the remainder when 68 is divided by 58.
10
Calculate the remainder when 265 is divided by 19.
18
What is the remainder when 1332 is divided by 658?
16
What is the remainder when 606 is divided by 38?
36
What is the remainder when 454 is divided by 24?
22
What is the remainder when 3072 is divided by 280?
272
What is the remainder when 3082 is divided by 102?
22
What is the remainder when 10123 is divided by 45?
43
What is the remainder when 15 is divided by 12?
3
Calculate the remainder when 42220 is divided by 6.
4
Calculate the remainder when 2187 is divided by 146.
143
What is the remainder when 584 is divided by 84?
80
Calculate the remainder when 2383 is divided by 159.
157
What is the remainder when 425 is divided by 86?
81
What is the remainder when 3590 is divided by 9?
8
What is the remainder when 176 is divided by 80?
16
What is the remainder when 254 is divided by 9?
2
Calculate the remainder when 226 is divided by 49.
30
What is the remainder when 6101 is divided by 185?
181
What is the remainder when 4548 is divided by 253?
247
Calculate the remainder when 56 is divided by 35.
21
What is the remainder when 109 is divided by 47?
15
Calculate the remainder when 77 is divided by 41.
36
Calculate the remainder when 7528 is divided by 93.
88
What is the remainder when 349 is divided by 28?
13
What is the remainder when 1146 is divided by 82?
80
What is the remainder when 612 is divided by 8?
4
Calculate the remainder when 1293 is divided by 108.
105
Calculate the remainder when 250 is divided by 126.
124
What is the remainder when 117 is divided by 30?
27
What is the remainder when 1995 is divided by 200?
195
What is the remainder when 8001 is divided by 53?
51
What is the remainder when 882 is divided by 15?
12
Calculate the remainder when 390 is divided by 23.
22
What is the remainder when 401 is divided by 201?
200
What is the remainder when 548 is divided by 49?
9
Calculate the remainder when 91 is divided by 32.
27
What is the remainder when 525 is divided by 518?
7
What is the remainder when 2577 is divided by 13?
3
What is the remainder when 63 is divided by 25?
13
What is the remainder when 1165 is divided by 28?
17
Calculate the remainder when 86 is divided by 72.
14
What is the remainder when 312 is divided by 21?
18
What is the remainder when 454 is divided by 25?
4
What is the remainder when 279 is divided by 20?
19
Calculate the remainder when 79 is divided by 51.
28
Calculate the remainder when 568 is divided by 137.
20
Calculate the remainder when 20978 is divided by 6.
2
What is the remainder when 798 is divided by 395?
8
What is the remainder when 512 is divided by 6?
2
Calculate the remainder when 207 is divided by 13.
12
Calculate the remainder when 400 is divided by 15.
10
Calculate the remainder when 56834 is divided by 45.
44
What is the remainder when 140 is divided by 91?
49
What is the remainder when 349 is divided by 110?
19
What is the remainder when 371 is divided by 90?
11
What is the remainder when 635 is divided by 76?
27
What is the remainder when 353 is divided by 31?
12
What is the remainder when 12705 is divided by 28?
21
What is the remainder when 82 is divided by 25?
7
Calculate the remainder when 1121 is divided by 226.
217
What is the remainder when 82 is divided by 27?
1
What is the remainder when 1594 is divided by 64?
58
What is the remainder when 450 is divided by 414?
36
What is the remainder when 2279 is divided by 40?
39
What is the remainder when 437 is divided by 68?
29
Calculate the remainder when 47 is divided by 7.
5
What is the remainder when 5251 is divided by 74?
71
What is the remainder when 708 is divided by 175?
8
Calculate the remainder when 96 is divided by 44.
8
What is the remainder when 238 is divided by 24?
22
What is the remainder when 141 is divided by 81?
60
What is the remainder when 8482 is divided by 41?
36
Calculate the remainder when 895 is divided by 100.
95
Calculate the remainder when 294 is divided by 33.
30
Calculate the remainder when 95 is divided by 12.
11
Calculate the remainder when 428 is divided by 92.
60
Calculate the remainder when 144 is divided by 49.
46
What is the remainder when 7701 is divided by 126?
15
What is the remainder when 208 is divided by 22?
10
Calculate the remainder when 672 is divided by 75.
72
What is the remainder when 217 is divided by 103?
11
Calculate the remainder when 24473 is divided by 8155.
8
What is the remainder when 690 is divided by 228?
6
Calculate the remainder when 653 is divided by 8.
5
What is the remainder when 1280 is divided by 99?
92
What is the remainder when 347 is divided by 6?
5
Calculate the remainder when 73 is divided by 25.
23
What is the remainder when 56 is divided by 13?
4
What is the remainder when 2002 is divided by 48?
34
Calculate the remainder when 1278 is divided by 104.
30
What is the remainder when 6872 is divided by 125?
122
What is the remainder when 102 is divided by 56?
46
What is the remainder when 1274 is divided by 44?
42
Calculate the remainder when 350 is divided by 39.
38
What is the remainder when 550 is divided by 12?
10
Calculate the remainder when 288 is divided by 25.
13
What is the remainder when 1966 is divided by 68?
62
Calculate the remainder when 183 is divided by 164.
19
Calculate the remainder when 1103 is divided by 110.
3
Calculate the remainder when 839 is divided by 121.
113
Calculate the remainder when 889 is divided by 109.
17
Calculate the remainder when 4398 is divided by 3.
0
Calculate the remainder when 1447 is divided by 700.
47
Calculate the remainder when 308 is divided by 84.
56
Calculate the remainder when 471 is divided by 170.
131
Calculate the remainder when 255 is divided by 176.
79
Calculate the remainder when 143 is divided by 16.
15
Calculate the remainder when 274 is divided by 256.
18
What is the remainder when 5686 is divided b